{"id":20,"date":"2017-01-20T12:59:55","date_gmt":"2017-01-20T11:59:55","guid":{"rendered":"http:\/\/komandor-dresden.de\/?page_id=20"},"modified":"2017-02-26T23:12:05","modified_gmt":"2017-02-26T22:12:05","slug":"homepage","status":"publish","type":"page","link":"http:\/\/komandor-dresden.de\/","title":{"rendered":"Start"},"content":{"rendered":"<h3><\/h3>\n<h3>M\u00f6bel und Schiebet\u00fcren nach Ma\u00df<\/h3>\n<p>Herzlich willkommen auf der Internet-Seite von Komandor, dem Hersteller praktischer und formvollendeter Schiebet\u00fcrensysteme. Unsere Einbauschr\u00e4nke schaffen Platz in jeder Wohnung und jedem B\u00fcro und sind die ideale L\u00f6sung f\u00fcr alle Hotelbesitzer, die auf wenigen Quadratmetern viel Stauraum f\u00fcr Gep\u00e4ck und Kleidung ihrer G\u00e4ste ben\u00f6tigen. Dar\u00fcber hinaus sind sie hervorragend geeignet als Raumteiler und zur effektiven Nutzung von Dachschr\u00e4gen oder anderen Problemzonen jedes Hauses und jeder Wohnung.<\/p>\n<p class=\"wypowiedz_on\">Auf unserer Seite finden Sie alle notwendigen Informationen, wie ein perfekter Schiebet\u00fcrenschrank gestalltet sein sollte. Wenn Sie mit uns Kontakt aufnehmen m\u00f6chten, k\u00f6nnen Sie ein Formular ausf\u00fcllen und ein Fachberater von Komandor wird Sie proffesionell und individuell in Sachen M\u00f6bel nach Ma\u00df beraten. Dank unserer Computersoftware bekommen Sie ein komplettes Angebot innerhalb von wenigen Minuten und w\u00e4hrend einer Vermessung bei Ihnen Zuhause k\u00f6nnen Sie die M\u00f6bel direkt bestellen. Angefangen vom ersten Kontakt,\u00a0\u00fcber die Vermessung und Angebotserstellung bis zur Montage bei Ihnen &#8211; wir k\u00fcmmern uns um alles.<\/p>\n<p><iframe loading=\"lazy\" src=\"https:\/\/player.vimeo.com\/video\/137127465\" width=\"640\" height=\"360\" frameborder=\"0\" allowfullscreen=\"allowfullscreen\"><\/iframe><\/p>\n","protected":false},"excerpt":{"rendered":"<p>M\u00f6bel und Schiebet\u00fcren nach Ma\u00df Herzlich willkommen auf der Internet-Seite von Komandor, dem Hersteller praktischer und formvollendeter Schiebet\u00fcrensysteme. Unsere Einbauschr\u00e4nke schaffen Platz in jeder Wohnung und jedem B\u00fcro und sind die ideale L\u00f6sung f\u00fcr alle Hotelbesitzer, die auf wenigen Quadratmetern viel Stauraum f\u00fcr Gep\u00e4ck und Kleidung ihrer G\u00e4ste ben\u00f6tigen. Dar\u00fcber hinaus sind sie hervorragend geeignet [&hellip;]<\/p>\n","protected":false},"author":1,"featured_media":0,"parent":0,"menu_order":0,"comment_status":"closed","ping_status":"closed","template":"","meta":{"footnotes":""},"class_list":["post-20","page","type-page","status-publish","hentry"],"_links":{"self":[{"href":"http:\/\/komandor-dresden.de\/index.php?rest_route=\/wp\/v2\/pages\/20","targetHints":{"allow":["GET"]}}],"collection":[{"href":"http:\/\/komandor-dresden.de\/index.php?rest_route=\/wp\/v2\/pages"}],"about":[{"href":"http:\/\/komandor-dresden.de\/index.php?rest_route=\/wp\/v2\/types\/page"}],"author":[{"embeddable":true,"href":"http:\/\/komandor-dresden.de\/index.php?rest_route=\/wp\/v2\/users\/1"}],"replies":[{"embeddable":true,"href":"http:\/\/komandor-dresden.de\/index.php?rest_route=%2Fwp%2Fv2%2Fcomments&post=20"}],"version-history":[{"count":11,"href":"http:\/\/komandor-dresden.de\/index.php?rest_route=\/wp\/v2\/pages\/20\/revisions"}],"predecessor-version":[{"id":1034,"href":"http:\/\/komandor-dresden.de\/index.php?rest_route=\/wp\/v2\/pages\/20\/revisions\/1034"}],"wp:attachment":[{"href":"http:\/\/komandor-dresden.de\/index.php?rest_route=%2Fwp%2Fv2%2Fmedia&parent=20"}],"curies":[{"name":"wp","href":"https:\/\/api.w.org\/{rel}","templated":true}]}}